-4). What is the remainder when r is divided by (-740)/(-30) + t/6?
21
Suppose -3274 = -105*c + 1346. Suppose 8*n = 3*n + l + 37, 0 = -3*n - 4*l + 13. What is the remainder when c is divided by n?
2
Suppose -1129 = -19*t - 692. What is the remainder when 865 is divided by t?
14
Let x(q) = 7 + 66*q**2 + 65*q**2 + 6*q - 116*q**2. Calculate the remainder when 31 is divided by x(-1).
15
Let h = -100 + 12. Let f = -51 - h. Let b(y) = -y**2 + 9*y + 73. What is the remainder when f is divided by b(13)?
16
Suppose -2*s + 2*t = -0*t - 52, 0 = -2*t + 10. Suppose -2*f = 3*x - 219, 6*f = 10*f - 4*x - 528. What is the remainder when f is divided by s?
30
Let c(v) = v**3 + v**2 + 10*v - 5. Let i be c(0). Let y = i - -61. Calculate the remainder when y is divided by 30.
26
Suppose -6*c = -5*b - 8*c - 1264, 0 = -4*b - c - 1013. Let y = -217 - b. Calculate the remainder when 71 is divided by y.
34
Suppose j = -4*m + 2043, 1826*m - 1824*m = 14. What is the remainder when j is divided by 32?
31
Suppose 3*c - 204 = -o, -c = 20*o - 19*o - 204. Calculate the remainder when o is divided by 44.
28
Suppose -5*m + 66 + 49 = -z, m + 2*z - 23 = 0. Let p be (-662)/7 - -10*(-18)/(-315). Let w = 162 + p. Calculate the remainder when w is divided by m.
22
Let k be -1 - 3/(((-3)/(-3))/(-4)). Suppose 49*z = 50*z - k. Suppose 8*p - 4*p = 248. Calculate the remainder when p is divided by z.
7
Suppose -2*b + 4*t = -1486, 0 = 155*b - 156*b + 7*t + 768. What is the remainder when b is divided by 154?
117
Suppose -30*l + 31*l - 1184 = -2*g, 4*l - 3*g - 4758 = 0. Calculate the remainder when l is divided by 41.
40
Let q(b) = b**2 + 4*b - 1. Suppose 197 - 215 = -2*r. Calculate the remainder when q(3) is divided by r.
2
Let i = 201 - 13. Suppose -187*k + i*k - 86 = 0. What is the remainder when k is divided by 3?
2
Suppose -2*u + 893 = -5*b, 6*u - 2*u = b + 1777. Let j = -440 + u. Calculate the remainder when 7 is divided by j.
3
Suppose 0 = -4*q + 4*f + 336, 4*f + 97 = 113. Calculate the remainder when 304 is divided by q.
40
Suppose 2*p - 5 + 3 = -2*f, -4*p + 4*f + 20 = 0. Suppose 0 = -p*x + 8*t - 7*t + 48, 32 = 2*x - 5*t. What is the remainder when 143 is divided by x?
15
Let w = 316 + -311. Suppose n - 2*h - 262 = 28, -2*n + 616 = w*h. Calculate the remainder when n is divided by 77.
67
Let y(s) = 22*s + 1486. Calculate the remainder when y(-47) is divided by 24.
20
Let n = 5632 + -5618. Suppose -20 = -3*k - 5*f + 68, -3*k - f = -80. Calculate the remainder when k is divided by n.
12
Let a = 6873 - 6864. Calculate the remainder when 2795 is divided by a.
5
Suppose -2 = f, 4*y + 3*f - 9534 - 2172 = 0. Calculate the remainder when y is divided by 101.
100
Suppose 225*r - 229*r = 4*t - 2592, t + 4*r - 666 = 0. Suppose 5*q - 9 = -2*d, -9*d = -5*d - 5*q - 33. Calculate the remainder when t is divided by d.
5
Suppose -3*z = 5*o + 15, -2*o - 4*z = 11 + 9. Suppose o*a = -5*a - 120. Calculate the remainder when 114/a*1*-8 is divided by 14.
10
Let x(o) = 6*o**2 + 3*o - 15. Let l(t) = -5*t**2 - 3*t + 13. Let b(q) = -7*l(q) - 6*x(q). Calculate the remainder when 6 is divided by b(2).
0
Let b(n) = 2*n**2 + 9*n + 8. Let r = 892 - 437. Let d = r + -327. Calculate the remainder when d is divided by b(-6).
24
Let d(a) = 185*a + 1600. Calculate the remainder when d(-7) is divided by (6/6)/(1/18).
17
Let k = -194 + 299. Suppose -4*o = 9*s - 7*s + 8, 2*o - 8 = 5*s. Calculate the remainder when k is divided by (s - -36) + 0 + (4 - 11).
24
Suppose 25*b - 7*b = 5148. What is the remainder when 53 is divided by (3/(-6))/((-11)/b)?
1
Suppose 2*w = -b + 2*b + 18, 3*w + 3*b - 18 = 0. Suppose -2*h + 2*l + 128 = 0, -6*l - 61 = -h - w*l. Calculate the remainder when h is divided by 4.
3
Suppose 33*x - 93 = -60. Calculate the remainder when 150 is divided by x.
0
Let j(w) = w**3 - 12*w**2 + w + 24. Let n be j(14). Suppose -4*f + 91 = -3*y - 253, 5*f = -4*y + n. What is the remainder when f is divided by 34?
18
Let i(n) = 20*n + 168. What is the remainder when i(0) is divided by 16?
8
Let i = 8096 + -7906. Calculate the remainder when 355 is divided by i.
165
Let f be (-19)/(1045/(-10)) + 1003/(-11). Let z = 116 + f. What is the remainder when 98 is divided by z?
23
Calculate the remainder when (1/((-2)/2316) - (-15 - -9))*-4 is divided by 87.
84
Suppose 36*j + 619 - 4291 = 0. What is the remainder when 116 is divided by j?
14
Suppose -11*k + 226*k = 6665. Let g(y) = -17*y + 4. What is the remainder when g(-7) is divided by k?
30
Calculate the remainder when 1*3263 - (252/(-9))/7 is divided by 15.
12
Suppose 2*u + 332 = 3*k, 2*k + u + 2*u = 230. Let d = -46 + k. Calculate the remainder when d is divided by 6.
0
Suppose 4*w = 4*g - 32517 - 2623, g + 2*w = 8776. Calculate the remainder when g is divided by 2923.
13
Let w(p) = -p**3 - 12*p**2 - 19*p + 10. Let v be w(-10). Suppose t + 149 - 193 = v. Calculate the remainder when t is divided by 23.
21
Suppose -16*h - 180 = -3*u - 21*h, -2*u + 146 = -h. Calculate the remainder when 548 is divided by u.
58
Let w be ((-2)/(-5))/(1/15). Suppose -w = 34*g - 36*g. Suppose -g*r + r - 20 = -3*f, -5*f - r = -42. Calculate the remainder when 14 is divided by f.
6
Suppose 8*q - 7*q = 11. Let m = q + -6. Suppose -3*c = -3*n + 2*n + 21, -m*n + 85 = -5*c. What is the remainder when 43 is divided by n?
13
Let p be 26/208 + 2/(16/31). Suppose 0 = p*l - 2*l - 4. Suppose -4*q + 48 = l*r, -5*q + 100 - 10 = 4*r. Calculate the remainder when 37 is divided by r.
17
Let t(r) = 68*r + 41. Let a be t(1). Suppose -v + 0*k + 40 = -4*k, -100 = -4*v + 4*k. What is the remainder when (-256)/(-128)*a*1 is divided by v?
18
Suppose 0 = 2*h - 3*w - 33, -5*h = w - 0*w - 125. Suppose 0 = 8*j - 354 + 2. What is the remainder when j is divided by h?
20
Suppose 0 = -5*y - 3*i + 4577, 6*y - 5*y - 913 = -i. Calculate the remainder when y is divided by 67.
48
Calculate the remainder when 27/3 + (322 + -12 - 10) is divided by 57.
24
Suppose 172 + 395 = 189*y. Let b(z) = z**2 - 8*z - 16. Calculate the remainder when b(-4) is divided by y.
2
Let r = -5 + 8. Suppose r*h + 87 - 246 = 0. Suppose 66 = 4*p + 3*g, 3*g - g - 32 = -2*p. Calculate the remainder when h is divided by p.
17
Let i(g) = -10*g + 3. Calculate the remainder when 62197/246 + 68/(-24) is divided by i(-6).
61
Let j = -466 - -93. Let q = -325 - j. Suppose 2*g - 33 = 1. Calculate the remainder when q is divided by g.
14
Suppose -10*r = 2*i - 8*r + 4, -2 = -i - 3*r. Let l(u) = 2*u**2 + 11*u + 30. Calculate the remainder when 33 is divided by l(i).
15
Let r(g) = -5*g - 4. Let o(w) = 74*w - 25. Let y be o(8). Suppose -21*l + 2310 = y. What is the remainder when l is divided by r(-5)?
20
Suppose 4*l - 2*l = -116. Let a = 74 + l. Suppose 0 = 3*k + a - 43. What is the remainder when 114 is divided by k?
6
Suppose -2*j + 70 = t, -4*j + 2*t - 5*t = -144. Let c(u) = -2*u**2 - 14*u - 17. Let z be c(-6). What is the remainder when 197*5*(-1)/z is divided by j?
32
Let p = -651 - -653. Suppose 0 = 5*s - 8 - 107. Calculate the remainder when p - -6 - 512/(-8) is divided by s.
3
Let x be (1/(-3))/(4/(-72)*3). Let k(s) = 24*s**x + 15 - 7 - s - 7 + 32*s**2. Calculate the remainder when k(1) is divided by 29.
27
Suppose -3*o = p + 4*p - 26, -p = -5*o + 6. Suppose -5*s - 81 = -0*s - 2*h, 2*s + 42 = p*h. What is the remainder when 646/6 - (20/s - -2) is divided by 36?
35
Let w be 1 + (1 - 2) - -23. Suppose -f = w - 25. Suppose -4*i = i - 3*p - 12, 0 = -2*p + f. Calculate the remainder when 6 is divided by i.
0
Let f = -16127 - -16212. What is the remainder when f is divided by (-61)/(-2) + 2/(-4)?
25
Let k = -24 - -42. Let g(w) = -3*w**2 - 10*w - 9. Let n be g(-3). Calculate the remainder when n/(-4) - 2060/(-40) is divided by k.
17
Let s(b) = b**2 + 7*b - 4. Let m(h) = -h**2 - 120*h + 251. What is the remainder when s(-9) is divided by m(-122)?
0
Calculate the remainder when (-32924)/(-16) - (9/(-45))/((-12)/(-15)) is divided by 115.
103
Let w(a) = 35*a**3 - a**2 + a. Suppose 3850 = 32*l - 1526. Let h = 236 - l. What is the remainder when h is divided by w(1)?
33
Let u(f) = f**3 + 5*f**2 - 5*f + 287. Suppose -102 = -4*n + x, -45 = -n + 2*x - 16. Suppose h + n = 6*h. What is the remainder when u(-9) is divided by h?
3
Let h = -447 + 483. Let s(t) = -t**2 + 8*t - 3.